b - 20 = 50. Let z(u) = 2*u**2 - 19*u - 24. Let y be z(b). Calculate the greatest common divisor of y and 17.
17
Let s = -92 - -94. Suppose 3*z = 4*a - 52, -6*a - s*z + 22 = -3*a. Calculate the greatest common divisor of a and 270.
10
Let w be ((-49)/4 - (-21)/(-7))*-12. What is the greatest common divisor of 12993 and w?
183
Suppose 0 = 20*z - 62*z + 126290 + 510766. What is the greatest common factor of z and 24?
24
Let v = 45112 - 45084. Let r(t) = 2*t**2 - 6*t. Let f be r(-7). What is the highest common divisor of f and v?
28
Suppose 0 = 2*g - 6*g + 128. Let r be (16/4)/((-1)/(-3)*3). Suppose f + 4*z = 4, 4 = 2*f + 2*z - r. What is the highest common divisor of g and f?
4
Let o = -23930 - -51797. What is the greatest common factor of o and 21?
21
Let s = 617 - 573. Suppose 0 = s*j - 48*j + 5*x + 561, -5*j + 2*x = -714. Calculate the greatest common divisor of 9 and j.
9
Let w be ((-5)/3)/(2*(-3)/18). Let h be (w + -2 - 8)*6*-2. Suppose y + 1 = -4*i + 5, -3*y + 5*i = -97. Calculate the greatest common factor of y and h.
12
Suppose 0 = 3*o + 3, 5*o - 30 = 4*h + 37. Let p be 432/h*(-2 + 0)/2. What is the highest common factor of p and 64?
8
Let d(h) = 7*h. Let w be d(2). Suppose -3*g + 43 = -w. Let n = 40625 + -40492. Calculate the greatest common factor of g and n.
19
Suppose -96*k = -23*k - 4380. Let m = 105 - 81. What is the greatest common divisor of m and k?
12
Let u be (1/((-9)/24) + 2)*417. Let p = u - -314. What is the greatest common divisor of p and 228?
12
Let y(l) = -14*l - 808. Let i be y(-60). Suppose 0 = 6*x + 354 - 1890. Calculate the greatest common factor of i and x.
32
Suppose 8 = 3*i - 79. Let x = 73437 + -73321. What is the greatest common factor of x and i?
29
Let o be (1 - 0)*(3 + -2). Let h be (-14)/4*o*-2. Let l = 1125 - 1097. What is the highest common divisor of h and l?
7
Let q be (-243)/(-135)*(9 - -1). Calculate the greatest common divisor of 2358 and q.
18
Let o(f) = -f**3 + 97*f**2 + 101*f - 264. Let u be o(98). Calculate the greatest common divisor of 1290 and u.
30
Let x be ((-5)/(-2) + (-112)/28)*-4. What is the greatest common factor of 27 and x?
3
Let r(s) = 2*s**3 - 10*s**2 - 4*s + 21. Let q be r(5). Let y be 20/(-5) + 628/4*q. Suppose -5*a + y = 3. What is the highest common factor of 75 and a?
15
Let v(r) = -13*r**2 + 67*r - 7. Let n be v(5). Suppose 0 = -a, 4*d - n*a - 1775 = -647. Calculate the greatest common divisor of d and 6.
6
Let n(m) = 73*m - 1081. Let w be n(15). What is the highest common factor of 469 and w?
7
Let v be ((-3705)/(-38))/(-39) + (-305)/(-2). Calculate the highest common factor of v and 330.
30
Let i(p) = -9*p + 317. Let v be i(38). Let m be 21/2*(v - -179). What is the highest common factor of 33 and m?
33
Let c be -2 - 1 - (0 - 1 - 7). Suppose -c*s + 2*i + 71 = -2*s, -s + 3*i + 19 = 0. Let p = s + -7. What is the greatest common divisor of 27 and p?
9
Suppose -2*y + 3*i = i - 4, 5*y = -5*i - 20. Let u be 3/(-6) - y - 92/(-8). Let o = 133 + -37. Calculate the highest common divisor of u and o.
12
Let p be (-33)/55 - 18/(-5). Suppose -4*q = -20, 21*l - 31 = 17*l - p*q. Calculate the greatest common divisor of 2 and l.
2
Suppose -12*t + 17*t = 4*v + 9, 0 = 3*t - 27. Calculate the greatest common factor of v and 1203.
3
Let i(z) = z**2 - 61*z - 724. Let m be i(-11). Calculate the highest common divisor of m and 12.
4
Let k(a) = -9*a - 2. Suppose -38*w = -26*w + 36. Let p be k(w). What is the greatest common factor of 25 and p?
25
Let x be ((-5)/((-300)/26088))/((-118)/60 - -2). What is the highest common divisor of x and 24?
12
Suppose -3*v = -198 + 246, -11*d + 5*v + 234 = 0. Let h(m) = -12*m**3 + 4*m + 3. Let c be h(-2). What is the highest common factor of c and d?
7
Suppose 3*o - w + 10 = w, 0 = 3*o + 2*w - 10. Suppose -3*u - 9 + 51 = o. Calculate the greatest common divisor of 224 and u.
14
Suppose -2*m = 2*m + m. Let h be ((-1)/(3/5) - m)*36. Let b = 93 + h. What is the highest common divisor of 3 and b?
3
Let t be (-32)/18 + 2 + (-370770)/(-459). Let d = 1153 - t. Calculate the greatest common factor of d and 23.
23
Let z(u) be the third derivative of 15*u**4/8 - 62*u**3/3 + 145*u**2. Let h be z(4). Suppose 4*m = -0*m + 560. Calculate the highest common divisor of h and m.
28
Suppose -m - 1644 + 7667 = v, 3*v = 7*m - 42201. Calculate the highest common divisor of m and 441.
147
Suppose 0 = 491*y - 499*y + 552. What is the greatest common factor of y and 6302?
23
Let g = -141 + 241. Suppose 0 = 8*s + 2*s + g. Let d be (56/s)/((-4)/20). What is the highest common factor of d and 196?
28
Let s be 46/805*7 + 3768/5. Suppose -5*q + 110 = 5*o, 0 = 4*q + 5*o + 7 - 91. What is the highest common divisor of q and s?
26
Let x(d) = d**3 + 48*d**2 + 49*d + 133. Let j be x(-47). Let f(c) = -2*c**3 - 12*c**2 + 13. Let i be f(-6). What is the greatest common divisor of j and i?
13
Let x = -164 - -186. Suppose x*g - 20*g = p - 170, p + 2*g = 162. What is the highest common factor of 747 and p?
83
Let t = 2 - -14. Let z(k) = -2*k**2 - 80*k + 36. Let o be z(-36). Let j be o/126 + (-8)/14. What is the highest common divisor of t and j?
2
Suppose -5*h = 4*t - 41, -t - 17 = -5*h + 4. Let r be t/(-5) - 18/(-10). What is the greatest common factor of r and 11?
1
Suppose -8279*f + 3*y - 1401 = -8281*f, 2858 = 4*f - 2*y. Calculate the highest common factor of 36 and f.
9
Suppose 5 = 8*l - 11. Suppose 3*d = -l*d + 1250. Suppose -5*m + 7*m - d = 0. What is the greatest common divisor of m and 25?
25
Let n(d) = -31*d**3 - 2*d**2 + 6*d + 7. Let t be n(-2). What is the highest common factor of 5311 and t?
47
Let u be 63*((-4)/3)/(-4) + 0. Suppose 4*d - t - 52 = 0, 0*d + 3*t = 5*d - 72. Suppose -u*w + 54 = -d*w. Calculate the greatest common divisor of 66 and w.
6
Let a be 16/6*(-18)/(-4). Let m(q) = -2*q**3 + 22*q**2 - 26*q - 3. Let p be m(11). Let k = p + 295. Calculate the greatest common factor of a and k.
6
Let a(x) = x**3 - 15*x**2 + 22*x + 41. Let k be a(13). Let t(r) = -5*r - 8. Let h be t(-6). Let m = h + k. What is the highest common factor of m and 11?
11
Suppose 2040 = 43272*f - 43255*f. Let b be (-2098)/(-7) - 2/(-7). Calculate the highest common divisor of f and b.
60
Let w = 44262 + -43803. Calculate the greatest common divisor of 850 and w.
17
Let j(v) = -54*v**3 - v**2 + 3*v - 2. Let c be j(1). Let i be (80/15 - 6)*c. What is the greatest common factor of 252 and i?
36
Let c(b) = -23*b + 118. Let q be c(6). Let h be 7476/34 - q/(-170)*-1. Calculate the highest common factor of h and 132.
44
Let m = -64 + 330. Calculate the highest common divisor of 190 and m.
38
Suppose 4*l + m - 11 = 0, 9*l - 7*l - 2*m + 2 = 0. Calculate the greatest common factor of l and 86.
2
Let i(o) = 5*o - 34. Let p be i(8). Suppose 3*k = 2*f, -5*k - 4*f + p = -16. Suppose -71 - 13 = -k*c. What is the greatest common factor of c and 6?
6
Let x(z) = 23*z**2 - 41*z + 75. Let o be x(2). What is the highest common factor of 95 and o?
5
Suppose 107*g - 4584 = 83*g. Calculate the greatest common factor of 1 and g.
1
Suppose 100 = 5*a - o, 31*a - 4*o - 60 = 28*a. Let q = 16 - -32. Suppose -q + 208 = 4*b. What is the greatest common divisor of a and b?
20
Let u be ((-36)/5)/12 + 426/10. Suppose 25*c = u*c - 4250. What is the greatest common divisor of c and 50?
50
Suppose -b + n = -16, 4*b + 118*n - 64 = 115*n. Calculate the greatest common factor of 2952 and b.
8
Suppose -2*m - s = -389, 4*s = 2*m + 26 - 420. Let b = -185 + m. What is the highest common divisor of b and 110?
10
Suppose -237 = -5*x + 35*s - 32*s, 5*x - 8*s = 232. Calculate the greatest common divisor of x and 1488.
48
Suppose 271 = -44*h - 257. Let t(r) = -2*r - 14. Let z be t(h). Calculate the highest common factor of z and 40.
10
Let v(z) = z**2 + 59*z - 341. Let o be v(-66). What is the highest common factor of 66 and o?
11
Suppose 2*g - 15 = 5*g, 2*j = -3*g + 17. Let n(l) = l**2 + 3*l - 166. Let x be n(-26). What is the greatest common factor of j and x?
16
Suppose a = 2*k + 1 + 1, 5*k = -20. Let b be 2 - (-6)/9 - 2/a. Suppose 30 = 5*f + 5*u - u, -2*f + 35 = -b*u. Calculate the highest common divisor of f and 25.
5
Suppose 2*i - 5*q - 59 = 0, 8*i = 6*i + 6*q + 68. What is the highest common factor of 1799 and i?
7
Let n(h) = 2*h**2 - 93*h - 7. Le